is the greatest common divisor of i and 66?
6
Suppose -665 = 45*s + 55. Let j(m) = m**2 + 11*m - 47. Let r be j(s). Let x = -17 + 72. Calculate the greatest common factor of x and r.
11
Let l be (7 - 12)*(0 - -1). Let o(t) = -t. Let g be o(l). Let i = 45 + g. What is the greatest common divisor of 20 and i?
10
Let o = -2551 - -2638. What is the greatest common divisor of o and 12093?
87
Let u(v) = -4*v**3 - 16*v**2 + 5*v + 13. Let o be u(0). Suppose 3*i - z - 43 = 3*z, 9 = i + 4*z. What is the highest common factor of o and i?
13
Let b = -16 - -19. Suppose 2*c - 20 = -2*v, -b*c + 17 = 4*v - 25. Let y = -171 - -279. What is the highest common divisor of y and v?
12
Let z be 4/(-216)*-3 - (-75968)/1152. Let j = 3 - 0. Calculate the highest common divisor of j and z.
3
Let l(g) = 5*g**2 + 182*g - 193. Let x be l(-38). Calculate the greatest common divisor of 12 and x.
3
Suppose 4*j + 2*c = -150, 0 = -3*j + j + 4*c - 70. Let o = 61 + j. What is the highest common divisor of 6 and o?
6
Let j be 156 - 1/((-3)/(-6)). Suppose -2*c - 4*v + j = 2, 3*c + v = 213. Suppose -15*u = -10*u - c. Calculate the greatest common divisor of u and 21.
7
Let h be (-4 + 5)/(1/33). Let o be 13/(-12 + 11 + -4 + (-336)/(-66)). Calculate the highest common divisor of o and h.
11
Let d = 2718 - 2698. Calculate the highest common factor of 3110 and d.
10
Let t be -2*(-2)/(-4) - -5. Suppose 3*g - 55 = -t*k + 142, g - 249 = -5*k. Let v be -6*1/(8/((-240)/18)). What is the highest common factor of k and v?
10
Let z = 87 + -83. Let a be 11 + -17 + z*1. Let p be 1/a + (-420)/(-8). What is the highest common divisor of 26 and p?
26
Suppose 0 = -30*j + 7*j. Let p(f) = -f**3 + f**2 - f + 1. Let x be p(j). What is the highest common divisor of 9 and x?
1
Suppose -156*k = -151*k - 35. Let w(a) = 4*a**2 - 2*a - 2. Let l be w(2). Suppose l*q = k*q + 60. What is the greatest common divisor of 20 and q?
20
Suppose -10 = -10*t + 166 + 64. What is the greatest common factor of t and 648?
24
Suppose -86*p + 22155 = -26005. What is the greatest common divisor of 180 and p?
20
Let l = 15864 - 15234. Calculate the highest common divisor of l and 2880.
90
Let j be 5/(5/2) + 1 + -8 - -21. Let o(s) = -s**3 - 9*s**2 - 9*s + 11. Let p be o(-8). Suppose 3 = -2*h + p. What is the greatest common divisor of j and h?
8
Let n(u) = -u**2 - 20*u - 89. Let h be n(-13). Suppose -13*z + 14*z - 63 = h*t, 5*z - 3*t - 315 = 0. Calculate the greatest common divisor of z and 9.
9
Suppose 13*q = -j + 1023 + 185, -4*j - q = -5240. Calculate the greatest common divisor of j and 41.
41
Let g be (2944/8 + 7)*4/6. Suppose 13*z = -16 + g. Calculate the greatest common factor of 90 and z.
18
Let c = 4359 + -3876. Calculate the highest common divisor of 70 and c.
7
Suppose 2*d = -5*a - 22, -6 = 5*a + 14. Let u be (d - -9) + (6 - -1 - 5). Calculate the greatest common factor of 25 and u.
5
Let i = -6558 + 8553. Calculate the greatest common factor of 475 and i.
95
Suppose -i + 4*p + 8 + 14 = 0, 2*i - 5*p = 59. Calculate the greatest common factor of 266 and i.
14
Let l(u) = -7. Let w(b) = -b - 15. Let p(h) = 5*l(h) - 3*w(h). Let j be p(16). Let m = -44 + j. What is the highest common factor of m and 28?
14
Let k be (2/1)/(-6) + (-2438)/(-159). Calculate the greatest common factor of 681 and k.
3
Suppose -5*u + 56 - 26 = 0. Suppose -46 + u = -10*f. What is the highest common factor of 4 and f?
4
Let r(k) = -k**3 + 4*k**2 + k - 4. Let a = -42 - -45. Let b be r(a). Suppose 16*q = 120 + b. Calculate the greatest common factor of q and 6.
2
Let f(c) = 1849*c + 74. Let b be f(-6). Let l be b/(-50) - (-2)/(-5). What is the greatest common factor of 20 and l?
20
Let t(y) = 3*y**3 + 150*y**2 - 647*y + 93. Let u be t(-54). What is the highest common divisor of 40209 and u?
39
Suppose 43 = -37*x + 450. Suppose 4*f - 5*w = 23, w = 2*f - 3 - 4. What is the highest common divisor of f and x?
1
Suppose 6 = -n, 26*p - 27*p = 2*n + 2. What is the highest common factor of 10130 and p?
10
Let j(i) = 5*i + 18*i**2 + 7*i + 1 - 18*i + 5*i. Suppose 5*p + 2*g = g + 1, g = 4*p - 8. Let n be j(p). Calculate the highest common factor of n and 90.
18
Let c be (-13)/(-65)*-2 - (-1206)/15. Calculate the greatest common divisor of 11920 and c.
80
Suppose 42 = -9*c + 987. What is the highest common factor of 25 and c?
5
Suppose 3*w - 108 = 81. Suppose -5*l - 4*l + w = 0. Let u = l + 12. Calculate the highest common factor of 76 and u.
19
Let i = 0 + -2. Suppose 23 = -3*s - 4*f, 0 = -14*s + 12*s - 4*f - 22. Let l be (i + 1 + s - -154) + 0. Calculate the greatest common factor of l and 19.
19
Let p = 139 - 138. Let h be 5/p + (-38 - -124). Calculate the greatest common factor of h and 39.
13
Suppose -2*p + 0*p - 14 = -4*t, p = -t + 5. Suppose f - s = 7, 2 = t*s - 2*s. Calculate the highest common factor of f and 2.
2
Suppose 0 = -80*n + 72*n - 72. Let b be 15/n + 1 - 200/(-30). Calculate the greatest common divisor of b and 552.
6
Let g(k) = -k**3 + 6*k**2 + 6*k - 9. Let x be g(6). Suppose 24*h = x*h - 36. Let m be 24 - (1 - 1)/1. Calculate the highest common factor of h and m.
12
Let o(a) = 134*a + 2809. Let h be o(-21). Let b be (-93)/(-4) - 2/8. Let q be (h + 8)*b*1/3. Calculate the highest common factor of q and 184.
23
Suppose 226 = 5*j + 26. Suppose 0 = -13*c + j + 77. What is the greatest common divisor of c and 72?
9
Suppose 5*m = 2*q - 6*q + 8, -m - 10 = -5*q. Suppose m = 518*d - 514*d - 40. What is the highest common divisor of d and 160?
10
Suppose 21*x - 720 = 351. Calculate the highest common divisor of 187 and x.
17
Suppose -3*x + 601 - 155 = p, 4*x - 4*p - 568 = 0. Calculate the greatest common factor of 133 and x.
7
Suppose -86*b + 8580 = 215*b + 29*b. Calculate the highest common factor of 7839 and b.
13
Let m be ((-1242)/368)/(7/(-13944)). What is the greatest common factor of m and 486?
81
Suppose -7*q - 16 = -11*q. Let x = 69 - q. Let v = 692 + -679. Calculate the highest common factor of x and v.
13
Suppose 0 = -a + 5, -5*a - 88 = 4*n - 353. Let k be ((-30)/4)/((-7)/14). What is the highest common divisor of n and k?
15
Suppose -253*j = -8751 - 3646. What is the highest common divisor of j and 273?
7
Suppose -497388 - 105396 = -24*v. Calculate the greatest common divisor of v and 84.
84
Let v(y) = -y**2 - 31*y + 7. Let h be v(-22). Let f = 381 - h. Let d be 4/24 + 130/12. Calculate the highest common factor of f and d.
11
Let x = -482 - -490. Let n(d) = 2*d**2 + d + 24. Let c be n(x). What is the highest common factor of c and 120?
40
Suppose -9*s + 8*s = -5. Let h be (2/15)/((-40)/(-1080))*s. Calculate the greatest common factor of h and 14.
2
Suppose 147*o - 42092 + 2262 - 67627 = 0. What is the highest common factor of o and 85?
17
Let c = 64 + -36. Let x(d) = -d**3 - 6*d**2 - 10*d + 3. Let r be x(-5). What is the greatest common divisor of c and r?
28
Let l be 10 - (14 + -12 + -16561). Calculate the highest common divisor of 126 and l.
63
Let r = -1333 - -2039. Let h be ((-4)/(-3))/(-2) - r/(-6). Suppose 0 = -23*c + 19*c + 36. What is the greatest common divisor of h and c?
9
Let c = 15824 - -9932. What is the highest common divisor of 188 and c?
188
Let m = 5554 + 1759. What is the greatest common divisor of 206 and m?
103
Let m = 32860 - 32293. What is the greatest common divisor of 427 and m?
7
Let h(q) = 13*q**3 - 1636*q**2 - 251*q - 111. Let x be h(126). Let k be 17 + 1/(2/(-4)). Calculate the greatest common factor of x and k.
15
Suppose 225 = 2*g + 73. Calculate the highest common factor of 8056 and g.
76
Suppose -65*w = -67*w + v + 21341, 5*v = -3*w + 32005. What is the highest common factor of w and 20?
10
Let z = -85 - -5247. Calculate the greatest common factor of z and 356.
178
Let q(n) = -n**3 - 6*n**2 + 13*n + 30. Suppose -215*k + 24 = -218*k. Let u be q(k). Calculate the greatest common factor of 27 and u.
27
Let g(s) = 46*s - 179. Let t be g(4). Calculate the highest common divisor of t and 1055.
5
Let n be -3 - 3 - (-72)/(-10 - 2)*-3. Suppose -3*z = 5*v - 657, v - z = 4*v - 395. What is the greatest common divisor of n and v?
12
Suppose -138 = -c + 122. Let s(a) = -32*a - 742. Let w be s(-24). What is the greatest common divisor of w and c?
26
Suppose -1112*s + 1097*s + 2175 = 0. Let n = 18 + -47. Let q be (3 